3 + 7*k**2/2 + 2*k. Suppose 0 = -2*p + 3*p - 5. Calculate w(p).
2
Let c(a) = -a**2 - a**2 + 17 - 18 - 2*a + 0*a. Let h be (-2)/(-6) - 2/6. Let y = h + -2. Calculate c(y).
-5
Let y be ((-60)/16)/((-6)/16). Suppose 2*j + y = -0*j. Let z(h) = h - 3. Give z(j).
-8
Let l(t) = t**3 - 5*t**2 - 2*t + 4. Let q be ((-30)/(-12))/(1/2). Calculate l(q).
-6
Let f(v) = -2*v**2 + 10. Let b(x) = x**2 - 3. Let u(y) = 7*b(y) + 2*f(y). Let i be u(1). Let n(q) = 3*q - 3. Determine n(i).
3
Suppose 8 = -19*u + 17*u. Let y(v) = v**3 + 4*v**2 - 3*v - 5. What is y(u)?
7
Let c(n) be the third derivative of n**5/30 - n**4/8 - n**3/2 - n**2. Suppose 3*f = -6, -g + 21 = -2*f - 2*f. Suppose g = 3*h + 4. What is c(h)?
6
Let h(p) = -33*p + 10*p + 9*p + 3*p + 12*p. Suppose -22 = -3*m + 2. Suppose 0 = 2*g - 0 + m. Determine h(g).
-4
Suppose -2 + 10 = -4*a. Let s = 4 + a. Let b = -3 - s. Let v(z) = z**3 + 6*z**2 + 4*z - 4. What is v(b)?
1
Suppose -5*b - 2 = 18, 5*t - 4168 = -3*b. Let m be t/143 - 2/(-13). Let j(v) = v**2 - 6*v + 1. Determine j(m).
1
Suppose 0 = 4*c - 16 - 0. Suppose -r + c = -0. Let i(a) = -a**3 + 3*a**2 + 5*a + 1. Determine i(r).
5
Let q be (-1)/(-3)*(-36)/12. Let r(m) be the third derivative of -3*m**6/40 + m**5/60 + m**4/24 - m**2. Calculate r(q).
9
Let n(p) = p**3 - p**2 - p. Suppose 3 = 4*b - 21. Let j(r) = -r + 5. Let m be j(b). Give n(m).
-1
Suppose 9*i = 3*i + 18. Let p(u) = u**3 - 3*u**2 - 2*u + 2. What is p(i)?
-4
Let d(w) = 21*w + 17. Let o(i) = 5*i + 4. Let j(f) = -4*d(f) + 18*o(f). Let r(s) = 7*s + 5. Let a(g) = -4*j(g) + 3*r(g). What is a(-1)?
2
Let s be 28/(-42)*2*18/4. Let n(c) = -c**3 - 7*c**2 - 4*c + 5. What is n(s)?
-7
Let k(g) = -3*g - 1. Let r be k(-1). Suppose -f + 2*p = p - 1, -r*f = 4*p - 2. Let m(w) = 4*w**3. Calculate m(f).
4
Let a be 5/3 - (-1)/3. Let k(i) = -i**3 + 3*i**2 + a*i**2 - 3*i + 3 + 0*i**2. Calculate k(4).
7
Suppose 0 = v + 18 - 22. Let t(p) = -6*p + 4. Give t(v).
-20
Let w = 2 + 9. Suppose -s + w = 2*g, -4*s + 2*s - 8 = -2*g. Let l(z) = -z + 1 - 5*z + z. Calculate l(s).
-4
Let f(n) = 2*n + 1. Let p be f(2). Let v(x) be the first derivative of -x**3/3 + 5*x**2/2 + 2*x - 38. Determine v(p).
2
Let r be (2/3)/(1 + 33/(-27)). Let s(n) = -n**2 - 2*n. What is s(r)?
-3
Suppose 0 = -3*z + 2*z - 14. Let a = 24 + z. Suppose -10 = 4*g + a. Let u(k) = 2*k + 4. What is u(g)?
-6
Let o(k) = -k**2 - 5*k - 4. Let m(q) = q. Let j be m(-5). Let h be (1/3)/((-8)/(-48)). Let d = j + h. Give o(d).
2
Let h(a) = 2*a - 8. Let j be h(7). Let c(v) = -v + 1 - 3*v - j. Calculate c(-4).
11
Let f = -8 - -13. Let s = f + -3. Let h(j) = 1 - 2 + 3*j - 2 - 2*j**2. What is h(s)?
-5
Suppose -2*f + 12 = -0*f. Let a(w) be the third derivative of w**5/60 - 5*w**4/24 + w**3/3 - 3*w**2. Calculate a(f).
8
Let q(d) be the first derivative of d**2 + d - 1. Let g be 230/55 + (-2)/11. Determine q(g).
9
Let w = 32/3 + -125/12. Let z(d) be the first derivative of -1/2*d**2 - 2*d - 1 + 0*d**3 - w*d**4. What is z(0)?
-2
Let c(j) = -1 + 3 - 2 + 42*j. Suppose -5*n + 137 + 43 = 0. Let m(u) = -u. Let a(f) = n*m(f) + c(f). Calculate a(-1).
-6
Suppose -9 = -3*i - 2*o, 15 = 5*i - 0*o + 2*o. Let z(b) = b - 1 + i - 2*b. Let k = -3 + 1. What is z(k)?
4
Let p(f) = -15 + 4 + f**2 + 8*f - 7*f. Calculate p(0).
-11
Let u(z) = -z**2 - 1. Let d be (-24)/(-16) + (-2)/(-4). Let p(w) = -w**3 - 2*w**2 - w + 3. Let y(s) = d*u(s) - p(s). Let v be -1*0/(-2 + 4). Determine y(v).
-5
Suppose -7*o + 4 + 17 = 0. Let g(c) = -c**2 + 8*c - 3. Determine g(o).
12
Suppose 0 = -t + 4 + 4. Let v be t/60 - 34/30. Let i(g) = -6*g**3 + 2*g**2 - 1. Give i(v).
7
Suppose -2*u + 7 - 32 = -5*v, 2*v - 31 = 5*u. Let i(q) = 7*q - 3 + 1 + 15*q**2 - 16*q**2. Give i(v).
10
Let n(p) be the first derivative of -p**4/4 - p**3/3 + 2*p**2 + 2. Determine n(-3).
6
Let a(s) be the third derivative of 1/8*s**4 + 0*s + 0*s**5 - 1/120*s**6 + 0 + 8*s**2 + 1/3*s**3. What is a(-2)?
4
Let u be (-3)/((-3)/(6/2)). Let x be (0 - -1 - 2)*u. Let k(b) = -2*b**2 - 5*b - 2. What is k(x)?
-5
Let a(b) = -b**2 - 2. Suppose -3*g + 4*g = 0. Let q(m) be the first derivative of -m**2/2 - 2*m - 1. Let k be q(g). Calculate a(k).
-6
Let p(r) = -3 + 3 + 2 + r**2 - 1. Let b(h) = -6*h**2 - h + 3. Let s(v) = -b(v) + 3*p(v). Calculate s(1).
10
Let k(o) = -o + 4. Let b = -18 + 26. Calculate k(b).
-4
Suppose 8*n = 12*n - 56. Let o be (15 - n)/(1/3). Let c(s) = s**2 - 4*s - 2. Give c(o).
-5
Let u(r) = r**3 - 4*r**2 - 2*r - 6. Let t be u(5). Let m(i) = -i**2 + 9*i - 2. Let l be m(t). Let k(g) = g**3 + 3*g**2 + g + 1. Determine k(l).
3
Let g(d) be the second derivative of d**3/6 + d**2 + 2*d. Suppose 5*l + 60 = 20*l. Calculate g(l).
6
Suppose 6*r - 10*r - 8 = 0. Let w(c) = -c. Let x(g) = -g**2 - 6*g + 1. Let i(p) = 5*w(p) - x(p). What is i(r)?
1
Let k = 2 + -2. Let t(x) = -7 + 3*x - 7*x - 2*x + k - x**2. What is t(-6)?
-7
Let t(f) = 55*f + 11. Let n(a) = -14*a - 3. Let g(h) = 11*n(h) + 3*t(h). Give g(1).
11
Let n = -4 + 2. Let f be 1/(1*(-1)/3). Let z = f - n. Let d(a) = -6*a**2 - 1. Determine d(z).
-7
Suppose 0*l - 2 = l. Let q(j) = 2*j**3 - 2*j**2 + 2. What is q(l)?
-22
Let p(l) = 0*l**2 + l**3 + 2 + 2*l**2 - l**2 + 2. Give p(0).
4
Let t(y) be the first derivative of y**3/3 - y**2/2 + y + 8. Let n = 7 + -4. Give t(n).
7
Let m(n) = -6*n**2 + 1. Suppose -2*k = 5*q - 0 - 5, -5*k - 13 = 4*q. Suppose -q = -3*z - 0*z. Calculate m(z).
-5
Let g(o) = -4*o**3 - 2*o**2 + 1. Let p(z) = -19*z**3 - 11*z**2 + z + 5. Let b(d) = -11*g(d) + 2*p(d). Determine b(1).
7
Let j(u) = 9*u - 5. Let b(d) = -10*d + 6. Let p(r) = 4*b(r) + 5*j(r). Let s be -7 - (4/2 + -2). Let y = s - -6. Give p(y).
-6
Let u(w) = w**3 + 11*w**2 + 10*w + 2. Let m be u(-10). Let y(s) be the second derivative of -s**4/12 + s**3/3 + s**2/2 + s. Determine y(m).
1
Let u(g) be the second derivative of 1/3*g**3 + 2*g + 0 - 2*g**2. Calculate u(-3).
-10
Let f(g) = -3*g**2 - 5*g - 1. Let a(r) = -r**2 - 2*r. Let q(x) = -5*a(x) + 2*f(x). What is q(0)?
-2
Let q(z) = 0 + 5*z**2 - z**3 - z**2 + 3*z - 3. Let a(g) = 4*g**2 + 73*g + 20. Let k be a(-18). Determine q(k).
11
Let t(i) = -i**3 - 4*i**2 + 6*i - 5. Let c be (36/63)/(4/14). Suppose -c + 17 = -3*z. Calculate t(z).
-10
Let z(n) = -n**2 - n. Let w be ((-8)/(-5))/(14/(-35)). Let l(s) be the first derivative of s**3 + 3*s**2 + 4*s + 1. Let g(p) = w*z(p) - l(p). What is g(4)?
4
Suppose -2*m + 6*m = 8. Let k(b) = 1 + 2*b**m + 5 - 1 + 7*b. Calculate k(-4).
9
Suppose -3*z - z + 28 = 4*k, -z + 31 = 3*k. Let w(r) = -r + 6. Give w(k).
-6
Let p(f) = f**2 - 2*f + 1. Let r be p(3). Let b(z) be the first derivative of 2*z**3/3 - 2*z**2 - 4*z - 55. Give b(r).
12
Let k = 4 + -5. Let c(n) be the third derivative of -7*n**5/60 - n**4/12 - n**3/6 + n**2. Determine c(k).
-6
Suppose -3*t - t = 0. Let z(d) = 3*d - 15. Suppose 3*b + 5 = -2*f, 4*f = -b + 15 - 0. Let j(h) = 4*h - 22. Let c(k) = f*j(k) - 7*z(k). Calculate c(t).
-5
Let c(q) = -3*q + 5. Let w(p) = p**3 + 10*p**2 - 9*p + 16. Let h be w(-11). Let i be h/10 + 92/20. What is c(i)?
-7
Let o(m) = m**2 + 7*m. Let c be o(-6). Let t(p) = -2 - p**3 + 0*p - p - 50*p**2 + 44*p**2. Give t(c).
4
Suppose 0 = z - 4*k + 8, -1 + 9 = -5*z + 4*k. Suppose -5*q - 10 = z, 4*l + q + 15 = -3. Let w = 3 + l. Let m(n) = 8*n + 1. Determine m(w).
-7
Let u(b) = 1 + 1 + 0 + 2*b. Let s(d) = -6 - 3 - 3*d + 4. Let l(h) = 3*s(h) + 5*u(h). What is l(4)?
-1
Let i(c) = c**2 + 25. Suppose -4 = -q - 4. Determine i(q).
25
Let o be (32/20)/(7/(-5) - -1). Let d = 2 + 2. Let s be (-14)/d - 2/o. Let n(x) = x**2 + 4*x + 1. Determine n(s).
-2
Let x(w) = -w**2 - 2*w + 3. Suppose -z = 2 - 4. Determine x(z).
-5
Let f be (-2 + -6)*6/4. Let c = f + 7. Let h(d) = -7*d - 4. Let z(s) = -s. Let p(l) = -h(l) + 6*z(l). Determine p(c).
-1
Let n(t) = 205 + 12*t - 103 - 100. Calculate n(3).
38
Let h(j) = -10*j - 4 + 14 - 3 + j**2. Suppose -3*t + 13 = u, -2*t + 8 = u + 1. Determine h(t).
-17
Suppose -4*n + 2*q - 2 = -3*q, 4*q - 18 = -5*n. Let d(z) = 4*z**n + 16*z + 6 + 5 - 2. Let v(t) = -t**2 - 5*t - 3. Let k(g) = 2*d(g) + 7*v(g). Give k(-2).
7
Let y(p) = p**3 - 2*p**2 - 4*p + 4. Let d be y(3). Let x(b) = -b**2. What is x(d)?
-1
Let m(a) = 10*a - a**2 + 7*a - 13*a - 3. Let s = 0 + 2. Determine m(s).
1
Let p(l) = 2*l - 8. Let v be ((-2)/4)/(11/(-132)). Give p(v).
4
Let y(i) = -1 + 5*i**3 - 2